 tens digit of v?
6
Let m be (-2)/(-5) + 4*26/40. Suppose -m*b = -63 - 36. What is the tens digit of b?
3
Suppose -3*s = 18 - 3. Let u = 8 + s. What is the units digit of 8 - ((1 - 4) + u)?
8
Let j = -42 - -178. What is the tens digit of j?
3
Let p be 0 + 0/1 + 3. Suppose -2*a - a = -3, 0 = -2*n - 3*a + p. Suppose -w + 5*g + 75 = 2*w, -w - 2*g + 25 = n. What is the units digit of w?
5
Let z(d) = 5*d + 52 - 21 - 15*d - 6*d. What is the units digit of z(-10)?
1
Suppose 560 = 30*w - 10*w. Suppose 4*q - 3*q = 51. Let t = q - w. What is the tens digit of t?
2
Suppose -2*c - 24 = -5*c. Let y = c - 4. Suppose 28 = -2*k + y*k. What is the tens digit of k?
1
Suppose -h = -4*x + 3 - 7, -20 = -5*h - 5*x. Suppose h*r - 108 = 116. What is the tens digit of r?
5
Suppose a = 4*o - 5120, -4*o + 5*a + 6400 = o. What is the units digit of o?
0
Let l = -117 - -621. What is the tens digit of l?
0
Let k(s) = -1. Let u(c) = c**3 + 8*c**2 + 6*c + 4. Let t(f) = -k(f) - u(f). Let w be t(-7). What is the tens digit of (-2)/w + (-654)/(-30)?
2
Suppose -2*l = -0*l + 10, 3*l = g - 20. Let p(s) = s**3 - 4*s + 3. What is the hundreds digit of p(g)?
1
Suppose 0 = d - 52 - 35. Let p = 176 - d. What is the tens digit of p?
8
Let a(k) = k**2 + 11*k - 7. Let q be a(-12). Suppose 2*z - 2*u = -2*z + 174, q*z - 212 = -3*u. What is the tens digit of z?
4
Suppose 2*l + 8 = 6*l. Suppose l*m + 2*m = 0. Suppose -3*n + 72 = -m*n. What is the tens digit of n?
2
Suppose -4142 = -2*o - 4*y, 4*o - 10785 = 3*y - 2501. What is the thousands digit of o?
2
Let u(s) = -12*s**2 - s - 29. Let a(i) = -8*i**2 - i - 19. Let t(y) = -8*a(y) + 5*u(y). What is the units digit of t(-4)?
9
Let x(n) = -7*n - 1. Let h be x(-3). Suppose -19*z - 1 = -h*z. What is the units digit of z?
1
Suppose 2*k - 36 + 4 = -2*w, 2*k + 4*w - 22 = 0. Suppose h - 26 + k = 0. Suppose -h*p + 3*b = -126, p + 1 - 19 = 3*b. What is the units digit of p?
7
Let o = 3051 + -1276. What is the hundreds digit of o?
7
Suppose -698 = 7*o - 2308. What is the tens digit of o?
3
Suppose 8*l - 7 = 137. What is the units digit of l?
8
Let s(n) = -17*n - 91. What is the tens digit of s(-32)?
5
Let p(t) = -11 - 3*t**2 + t**2 + t**2. Let n be p(0). Let z = n + 17. What is the units digit of z?
6
Let d = -1426 + 2267. What is the tens digit of d?
4
Suppose -5*k - 3*k = -24. Suppose -6*a + 3 = -3*a. What is the units digit of a - (k + -2 + -2)?
2
Suppose 2*n - 13 = -4*f + 13, 0 = -2*f - 2*n + 8. Let h(y) = 7*y**2 + 10*y - 8*y**2 - 9*y + 13*y - 15. What is the units digit of h(f)?
0
Let t(p) = -17*p - 7. What is the units digit of t(-17)?
2
Suppose 7*z = 9*z + 680. What is the units digit of z/(-8) + 1/2?
3
Suppose -v + 3 = -2*v, -3*v = 2*c + 13. What is the units digit of -3*(c/6 + 1576/(-24))?
8
What is the hundreds digit of (-18)/4*-44*(-366)/(-549)?
1
Suppose -5*j = -k + 560, j - k + 88 = 4*k. Let y = -356 + 187. Let t = j - y. What is the tens digit of t?
5
Suppose -6 + 134 = 4*o. Let d = -20 + o. What is the tens digit of d?
1
Suppose -41*q = -44*q + 9, 3843 = 3*o + 4*q. What is the tens digit of o?
7
Suppose -z = 2*y + 14, 6*z - 5*y = 3*z - 42. What is the tens digit of (z/4)/((-8)/96)?
4
Suppose -8*f = 8*f - 9040. What is the hundreds digit of f?
5
Suppose -29056 = 36*i - 52*i. What is the units digit of i?
6
Let r(c) = c**2 - 30*c + 104. What is the units digit of r(39)?
5
Let n(u) = -2*u**3 + 49*u**2 - 14*u - 7. What is the units digit of n(23)?
8
Let a(u) = u + 1. Let j be (-4 - (0 + -2))*-3. Let q(s) = 6*s**2 - 7*s - 3. Let c(z) = j*a(z) + q(z). What is the tens digit of c(-3)?
6
Let j(p) = p**2 + 116*p - 109*p + p**2. Let h be j(-4). Suppose 3*y - 3 = -3*o + 33, 48 = h*o - 5*y. What is the tens digit of o?
1
Suppose 0 = -98*y + 137363 + 262281. What is the hundreds digit of y?
0
Let p(q) = -q**2. Suppose -2*z - 1 = -3. Let s(i) = -2*i**2 + 5*i - 7. Let k(j) = z*s(j) - 3*p(j). What is the units digit of k(-7)?
7
Let j be -2 + (-1 - 0)*-8. Suppose -j*f + 21 = f. Suppose -4*n + 2*n + 4*o + 48 = 0, 0 = 4*n - f*o - 91. What is the tens digit of n?
2
What is the hundreds digit of 5/(40/5562) - 6/(-8)?
6
Let i = -29 - -17. Let x = i + 16. Suppose -23 = -3*s + x. What is the units digit of s?
9
Let h = -2826 + 4946. What is the thousands digit of h?
2
Let g(i) = i**3 + 8*i**2 + 7*i + 7. Suppose 10*f - 7*f = -6. Let u be f*3/(18/21). What is the units digit of g(u)?
7
What is the hundreds digit of 152233/237 + 4/6?
6
Suppose 0 = 23*c - 27*c - 224. Suppose 0 = -l + 4*y - 73, 3*l - 145 = -4*y - 444. Let x = c - l. What is the tens digit of x?
3
Suppose 0 = 2*l - 4*h - 1686, -h + 3*h - 2529 = -3*l. What is the tens digit of l?
4
Let c(i) = -i**2 - 2*i - 12. Let b be c(0). Let d be (-2 - 5/(-3))*b. Suppose -4*w - d*w + 528 = 0. What is the tens digit of w?
6
Let o(r) = -801*r**3 - 3*r**2 + 2*r + 4. What is the tens digit of o(-1)?
0
Suppose -i - 4*y - 6 = 0, 2 = 7*i - 3*i + 3*y. Suppose 0 = -i*s + 8 - 4. Suppose s*m - 21 = -1. What is the tens digit of m?
1
Suppose -2*j = 4*g - 100, -5*j - 3*g + 0*g + 243 = 0. What is the units digit of j?
8
Let b(j) = -23*j - 28. Let k(t) = 45*t + 56. Let u(v) = 7*b(v) + 3*k(v). What is the units digit of u(-9)?
6
Let t = 30 + 24. What is the tens digit of 1740/t - 2/9?
3
Suppose -4*v + 572 = 4*u, 236 = -5*v + 2*u + 979. Suppose -v*t = -149*t + 394. What is the tens digit of t?
9
Suppose 0 = -5*x + 1724 + 736. What is the hundreds digit of x?
4
Let x(b) = -b**3 - 12*b**2 - 4*b - 7. Let k(j) = -j**3 - 6*j**2 + 2*j. Let p be k(-6). What is the units digit of x(p)?
1
Let k(h) = 45*h**3 + h**2 + h - 2. Let p be k(1). Let z = 104 - p. What is the units digit of z?
9
Suppose -3*h = -3*q + 595 + 713, -3*h + 2156 = 5*q. What is the hundreds digit of q?
4
Let q = -25 + 248. What is the tens digit of q?
2
Let m = 457 + 1707. What is the thousands digit of m?
2
Let t = -1295 + 2647. What is the units digit of t?
2
Suppose -3*x + 8 = -s - 5, x + 1 = 3*s. Suppose -2*q + q + 5*o + 135 = 0, x = -o. What is the hundreds digit of q?
1
Let v(o) = -13*o**3 + 4*o + 10. What is the hundreds digit of v(-3)?
3
Let c = -23 + 26. Suppose -c*z + 146 = -v + 2*v, -4*z - 4*v = -192. What is the tens digit of z?
4
Suppose 11*b = 28*b - 30838. What is the tens digit of b?
1
Suppose 2 = q - 4. Let b = q + 5. What is the tens digit of b?
1
Let x be (-3)/3*(-39)/(-3). Let k = x + 12. What is the units digit of k + (1 - -1) - -19?
0
Let k(f) be the first derivative of f**4/4 - f**3 + f**2/2 + 2*f + 5. Let g be k(3). What is the units digit of 19*(1 - (-5)/g)?
8
Let u be (0 - -1)*(5 + -1). Suppose -p - m + 66 = 0, -5*p - m = -u*m - 346. What is the units digit of p?
8
Let i be 0 + -2 + (4 - -1). Suppose -i*v + 5*v = -12. What is the units digit of 75/v*2*-1?
5
Suppose -4*j + 12 = -7*j. Let z = j - 0. Let t = z + 27. What is the tens digit of t?
2
Suppose -3*h = 4*n - 445, 0*n = 3*h - n - 455. What is the units digit of h?
1
Let r(m) = 101*m**3 + m**2 - 1. Let g be r(-1). Let j = g + 156. What is the tens digit of j?
5
Let d = 42 - 48. Suppose 3*t - 8 = u + 8*t, -5*t = -25. What is the tens digit of (-4)/d*u/(-2)?
1
Suppose -52 = -3*k + k + 5*p, -4*p = -5*k + 113. Let l be (-4)/(-16) + (-183)/(-4). What is the tens digit of (l - 1)*7/k?
1
Suppose 90*o + 4000 = 100*o. What is the units digit of o?
0
Let w(r) = 2*r - 2. Let x be w(-2). Let l = x + 4. Let q(p) = 5*p**2 - 2. What is the tens digit of q(l)?
1
Suppose x - 5*q + 18 = 2*x, 20 = 3*x - 2*q. Suppose -x + 23 = 3*w. Suppose k - w*c - 17 = 0, 3*k = 4*c + 64 - 13. What is the units digit of k?
7
Let x(s) = -s**3 + s**2 + 8*s - 4. What is the units digit of x(-4)?
4
Let b(p) = 3*p - 11. Let i be b(5). Suppose -3*h = 3*t - 9, -2*h + i = 3*t - 5. Suppose 0 = -h*j - 5*j + 210. What is the units digit of j?
2
Suppose -4*y - 3*u + 12 = -y, 3*y - u + 4 = 0. Let z = 6 - y. Suppose -z*n = -n - 160. What is the units digit of n?
2
Let w be (15/(-10) - 0)*4. Let g = 11 + w. Suppose -380 = -5*l + 2*r - 7*r, r = -g*l + 392. What is the units digit of l?
9
Let u(t) = 975*t**2 - 7*t + 9. What is the hundreds digit of u(1)?
9
Let j(i) = i**2 + i. Let u be j(-1). Suppose 4*k - 2*k = u. Suppose -3*p + 36 = -l, p - l + 0*l - 14 = k. What is the tens digit of p?
1
Let m(g) = -13*g**2 - 9*g - 350. Let v(r) = 6*r**2 +